{"id":11,"date":"2020-04-19T06:31:47","date_gmt":"2020-04-19T06:31:47","guid":{"rendered":"https:\/\/umeni26.wp1.hostingraja.info\/?page_id=11"},"modified":"2020-04-27T13:01:50","modified_gmt":"2020-04-27T13:01:50","slug":"udalost","status":"publish","type":"page","link":"https:\/\/www.umenieradosti.org\/?page_id=11","title":{"rendered":"Udalos\u0165"},"content":{"rendered":"\n<p><strong>Aktu\u00e1lne udalosti n\u00e1jdete na str\u00e1nke: <\/strong><a href=\"https:\/\/www.facebook.com\/umenieradosti\"><strong>https:\/\/www.facebook.com\/umenieradosti<\/strong><\/a><\/p>\n","protected":false},"excerpt":{"rendered":"<p>Aktu\u00e1lne udalosti n\u00e1jdete na str\u00e1nke: https:\/\/www.facebook.com\/umenieradosti<\/p>\n","protected":false},"author":1,"featured_media":0,"parent":0,"menu_order":0,"comment_status":"closed","ping_status":"closed","template":"","meta":[],"_links":{"self":[{"href":"https:\/\/www.umenieradosti.org\/index.php?rest_route=\/wp\/v2\/pages\/11"}],"collection":[{"href":"https:\/\/www.umenieradosti.org\/index.php?rest_route=\/wp\/v2\/pages"}],"about":[{"href":"https:\/\/www.umenieradosti.org\/index.php?rest_route=\/wp\/v2\/types\/page"}],"author":[{"embeddable":true,"href":"https:\/\/www.umenieradosti.org\/index.php?rest_route=\/wp\/v2\/users\/1"}],"replies":[{"embeddable":true,"href":"https:\/\/www.umenieradosti.org\/index.php?rest_route=%2Fwp%2Fv2%2Fcomments&post=11"}],"version-history":[{"count":2,"href":"https:\/\/www.umenieradosti.org\/index.php?rest_route=\/wp\/v2\/pages\/11\/revisions"}],"predecessor-version":[{"id":291,"href":"https:\/\/www.umenieradosti.org\/index.php?rest_route=\/wp\/v2\/pages\/11\/revisions\/291"}],"wp:attachment":[{"href":"https:\/\/www.umenieradosti.org\/index.php?rest_route=%2Fwp%2Fv2%2Fmedia&parent=11"}],"curies":[{"name":"wp","href":"https:\/\/api.w.org\/{rel}","templated":true}]}}